{"id":1007,"date":"2026-04-13T13:40:23","date_gmt":"2026-04-13T11:40:23","guid":{"rendered":"https:\/\/www.arcan.com.pl\/nowa\/?page_id=1007"},"modified":"2026-04-13T14:30:41","modified_gmt":"2026-04-13T12:30:41","slug":"o-firmie","status":"publish","type":"page","link":"https:\/\/www.arcan.com.pl\/nowa\/o-firmie\/","title":{"rendered":"O firmie"},"content":{"rendered":"\t\t<div data-elementor-type=\"wp-page\" data-elementor-id=\"1007\" class=\"elementor elementor-1007\">\n\t\t\t\t<div class=\"elementor-element elementor-element-de3b353 e-flex e-con-boxed wcf-starter-animations-none wpr-particle-no wpr-jarallax-no wpr-parallax-no wpr-sticky-section-no wpr-equal-height-no e-con e-parent\" data-id=\"de3b353\" data-element_type=\"container\" data-e-type=\"container\">\n\t\t\t\t\t<div class=\"e-con-inner\">\n\t\t\t\t<div class=\"elementor-element elementor-element-2e60d4c wcf-starter-animations-none elementor-widget elementor-widget-image\" data-id=\"2e60d4c\" data-element_type=\"widget\" data-e-type=\"widget\" data-settings=\"{&quot;wcf_starter_animations&quot;:&quot;none&quot;,&quot;wcf_anim_duration&quot;:1000,&quot;wcf_anim_delay&quot;:0,&quot;wcf_anim_ease&quot;:&quot;ease&quot;}\" data-widget_type=\"image.default\">\n\t\t\t\t\t\t\t\t\t\t\t\t\t\t\t<img decoding=\"async\" width=\"360\" height=\"51\" src=\"https:\/\/www.arcan.com.pl\/nowa\/wp-content\/uploads\/2026\/04\/logo.png\" class=\"attachment-large size-large wp-image-27\" alt=\"\" \/>\t\t\t\t\t\t\t\t\t\t\t\t\t\t\t<\/div>\n\t\t\t\t\t<\/div>\n\t\t\t\t<\/div>\n\t\t<div class=\"elementor-element elementor-element-4f916ab e-flex e-con-boxed wcf-starter-animations-none wpr-particle-no wpr-jarallax-no wpr-parallax-no wpr-sticky-section-no wpr-equal-height-no e-con e-parent\" data-id=\"4f916ab\" data-element_type=\"container\" data-e-type=\"container\">\n\t\t\t\t\t<div class=\"e-con-inner\">\n\t\t<div class=\"elementor-element elementor-element-dd9ea1e e-con-full e-flex wcf-starter-animations-none wpr-particle-no wpr-jarallax-no wpr-parallax-no wpr-sticky-section-no wpr-equal-height-no e-con e-child\" data-id=\"dd9ea1e\" data-element_type=\"container\" data-e-type=\"container\">\n\t\t\t\t<div class=\"elementor-element elementor-element-07b98c2 wcf-starter-animations-none elementor-widget elementor-widget-text-editor\" data-id=\"07b98c2\" data-element_type=\"widget\" data-e-type=\"widget\" data-settings=\"{&quot;wcf_starter_animations&quot;:&quot;none&quot;,&quot;wcf_anim_duration&quot;:1000,&quot;wcf_anim_delay&quot;:0,&quot;wcf_anim_ease&quot;:&quot;ease&quot;}\" data-widget_type=\"text-editor.default\">\n\t\t\t\t\t\t\t\t\t<p>Przez 30 lat dzia\u0142ania na rynku zebrali\u015bmy do\u015bwiadczenie, dzi\u0119ki kt\u00f3remu wymagania klienta s\u0105 spe\u0142nione w ka\u017cdym calu. K\u0142adziemy nacisk, aby ka\u017cdy etap realizacji projektu spe\u0142nia\u0142 wszelkie wymogi. Stawiamy na profesjonalizm naszych us\u0142ug i jako\u015b\u0107 produkt\u00f3w ale r\u00f3wnie\u017c czas realizacji. Zr\u00f3wnowa\u017cenie tych element\u00f3w pozwala nam dopracowa\u0107 zam\u00f3wienie tak by klient dosta\u0142 to czego oczekuje od Nas. Poruszamy si\u0119 g\u0142\u00f3wnie po p\u0142aszczy\u017anie reklamy i poligrafii ale nie s\u0105 nam obce wyzwania indywidualne czy spersonalizowane.<\/p>\t\t\t\t\t\t\t\t<\/div>\n\t\t\t\t<\/div>\n\t\t<div class=\"elementor-element elementor-element-23ee9af e-con-full e-flex wcf-starter-animations-none wpr-particle-no wpr-jarallax-no wpr-parallax-no wpr-sticky-section-no wpr-equal-height-no e-con e-child\" data-id=\"23ee9af\" data-element_type=\"container\" data-e-type=\"container\">\n\t\t\t\t<div class=\"elementor-element elementor-element-ec8053c wcf-starter-animations-none elementor-widget elementor-widget-text-editor\" data-id=\"ec8053c\" data-element_type=\"widget\" data-e-type=\"widget\" data-settings=\"{&quot;wcf_starter_animations&quot;:&quot;none&quot;,&quot;wcf_anim_duration&quot;:1000,&quot;wcf_anim_delay&quot;:0,&quot;wcf_anim_ease&quot;:&quot;ease&quot;}\" data-widget_type=\"text-editor.default\">\n\t\t\t\t\t\t\t\t\t<p>Posiadamy dobrze wyposa\u017cone pracowni\u0119 w specjalistyczne maszyny. Dzi\u0119ki temu w wi\u0119kszo\u015bci us\u0142ug wykonujemy we w\u0142asnym zakresie, pozwala to na konkretne okre\u015blenie terminu wykonania us\u0142ugi oraz umo\u017cliwia sta\u0142y kontakt z klientem w ka\u017cdym momencie wykonywania us\u0142ugi. Sprawna komunikacja w naszej firmie pozwala na oszcz\u0119dno\u015b\u0107 cennego czasu. Punktualno\u015b\u0107 realizacji naszych projekt\u00f3w jest jednym z najwa\u017cniejszych priorytet\u00f3w. W bogatym wachlarzu naszych us\u0142ug znajdziecie Pa\u0144stwo wszystko co jest potrzebne z zakresu reklamy i poligrafii niezb\u0119dne przy prowadzeniu dzia\u0142alno\u015bci gospodarczej oraz dzia\u0142aniach instytucji, urz\u0119d\u00f3w i organizacji. Fakt, i\u017c mo\u017cemy zapewni\u0107 w pe\u0142ni profesjonaln\u0105 obs\u0142ug\u0119 od momentu tworzenia koncepcji i projektu, do jej wykonania sprawi, \u017ce Twoja zlecenie b\u0119dzie odpowiada\u0142o Twoim potrzebom jak i Twoich klient\u00f3w.<\/p>\t\t\t\t\t\t\t\t<\/div>\n\t\t\t\t<\/div>\n\t\t\t\t\t<\/div>\n\t\t\t\t<\/div>\n\t\t<div class=\"elementor-element elementor-element-e1b184e e-flex e-con-boxed wcf-starter-animations-none wpr-particle-no wpr-jarallax-no wpr-parallax-no wpr-sticky-section-no wpr-equal-height-no e-con e-parent\" data-id=\"e1b184e\" data-element_type=\"container\" data-e-type=\"container\">\n\t\t\t\t\t<div class=\"e-con-inner\">\n\t\t<div class=\"elementor-element elementor-element-cc49639 e-con-full e-flex wcf-starter-animations-none wpr-particle-no wpr-jarallax-no wpr-parallax-no wpr-sticky-section-no wpr-equal-height-no e-con e-child\" data-id=\"cc49639\" data-element_type=\"container\" data-e-type=\"container\">\n\t\t\t\t<div class=\"elementor-element elementor-element-08b4640 wcf-starter-animations-none elementor-widget elementor-widget-image\" data-id=\"08b4640\" data-element_type=\"widget\" data-e-type=\"widget\" data-settings=\"{&quot;wcf_starter_animations&quot;:&quot;none&quot;,&quot;wcf_anim_duration&quot;:1000,&quot;wcf_anim_delay&quot;:0,&quot;wcf_anim_ease&quot;:&quot;ease&quot;}\" data-widget_type=\"image.default\">\n\t\t\t\t\t\t\t\t\t\t\t\t\t\t\t<img fetchpriority=\"high\" decoding=\"async\" width=\"960\" height=\"500\" src=\"https:\/\/www.arcan.com.pl\/nowa\/wp-content\/uploads\/2026\/04\/tloo_1-1.jpg\" class=\"attachment-large size-large wp-image-1014\" alt=\"\" \/>\t\t\t\t\t\t\t\t\t\t\t\t\t\t\t<\/div>\n\t\t\t\t<\/div>\n\t\t<div class=\"elementor-element elementor-element-6bc3a2f e-con-full e-flex wcf-starter-animations-none wpr-particle-no wpr-jarallax-no wpr-parallax-no wpr-sticky-section-no wpr-equal-height-no e-con e-child\" data-id=\"6bc3a2f\" data-element_type=\"container\" data-e-type=\"container\">\n\t\t\t\t<div class=\"elementor-element elementor-element-55acedc wcf-starter-animations-none elementor-widget elementor-widget-text-editor\" data-id=\"55acedc\" data-element_type=\"widget\" data-e-type=\"widget\" data-settings=\"{&quot;wcf_starter_animations&quot;:&quot;none&quot;,&quot;wcf_anim_duration&quot;:1000,&quot;wcf_anim_delay&quot;:0,&quot;wcf_anim_ease&quot;:&quot;ease&quot;}\" data-widget_type=\"text-editor.default\">\n\t\t\t\t\t\t\t\t\t<p>Dzia\u0142amy wed\u0142ug trzech kryteri\u00f3w id\u0105c tymi kierunkami wymagania klienta s\u0105 spe\u0142nione w ka\u017cdym calu.<\/p><p><span style=\"color: #000000;\"><strong><em>Wysokie Standardy<\/em><\/strong><\/span><\/p><p>K\u0142adziemy nacisk, aby ka\u017cdy etap realizacji projektu spe\u0142nia\u0142 wszelkie wymogi. Stawiamy na profesjonalizm naszych us\u0142ug i jako\u015b\u0107 produkt\u00f3w.<\/p><p><span style=\"color: #000000;\"><strong><em>Poligrafia i reklama<\/em><\/strong><\/span><\/p><p>Fakt wykonywania znakomitej wi\u0119kszo\u015bci us\u0142ug we w\u0142asnym zakresie pozwala na konkretne okre\u015blenie terminu wykonania us\u0142ugi oraz umo\u017cliwia sta\u0142y kontakt z klientem w ka\u017cdym momencie wykonywania us\u0142ugi.<\/p><p><span style=\"color: #000000;\"><em><strong>Sprawno\u015b\u0107 i komunikacja<\/strong><\/em><\/span><\/p><p>Sprawna komunikacja w naszej firmie pozwala na oszcz\u0119dno\u015b\u0107 cennego czasu. Punktualno\u015b\u0107 realizacji naszych projekt\u00f3w jest jednym z najwa\u017cniejszych priorytet\u00f3w.<\/p><p><span style=\"color: #000000;\"><strong>Zapraszamy<\/strong><\/span><\/p><p>Je\u015bli maj\u0105 Pa\u0144stwo jakie\u015b pytania o nasz\u0105 firm\u0119, us\u0142ugi oraz produkty dost\u0119pne w firmie Arcan, zapraszamy do kontaktu z nami. Mailowo, telefonicznie czy osobi\u015bcie, postaramy si\u0119 doj\u015b\u0107 do najbardziej efektywnych rozwi\u0105za\u0144 w najlepszej mo\u017cliwej cenie.<\/p>\t\t\t\t\t\t\t\t<\/div>\n\t\t\t\t<\/div>\n\t\t\t\t\t<\/div>\n\t\t\t\t<\/div>\n\t\t\t\t<\/div>\n\t\t","protected":false},"excerpt":{"rendered":"<p>Przez lat dzia\u0142ania na rynku zebrali\u015bmy do\u015bwiadczenie, dzi\u0119ki kt\u00f3remu wymagania klienta s\u0105 spe\u0142nione w ka\u017cdym calu. K\u0142adziemy nacisk, aby ka\u017cdy etap realizacji projektu spe\u0142nia\u0142 wszelkie wymogi. Stawiamy na profesjonalizm naszych us\u0142ug i jako\u015b\u0107 produkt\u00f3w ale r\u00f3wnie\u017c czas realizacji. Zr\u00f3wnowa\u017cenie tych element\u00f3w pozwala nam dopracowa\u0107 zam\u00f3wienie tak by klient dosta\u0142 to czego oczekuje od Nas. Poruszamy si\u0119 g\u0142\u00f3wnie po p\u0142aszczy\u017anie reklamy i poligrafii ale nie s\u0105 nam obce wyzwania indywidualne czy spersonalizowane. Posiadamy dobrze wyposa\u017cone pracowni\u0119 w specjalistyczne maszyny. Dzi\u0119ki temu w wi\u0119kszo\u015bci us\u0142ug wykonujemy we w\u0142asnym zakresie, pozwala to na konkretne okre\u015blenie terminu wykonania us\u0142ugi oraz umo\u017cliwia sta\u0142y kontakt z klientem w ka\u017cdym momencie wykonywania us\u0142ugi. Sprawna komunikacja w naszej firmie pozwala na oszcz\u0119dno\u015b\u0107 cennego czasu. Punktualno\u015b\u0107 realizacji naszych projekt\u00f3w jest jednym z najwa\u017cniejszych priorytet\u00f3w. W bogatym wachlarzu naszych us\u0142ug znajdziecie Pa\u0144stwo wszystko co jest potrzebne z zakresu reklamy i poligrafii niezb\u0119dne przy prowadzeniu dzia\u0142alno\u015bci gospodarczej oraz dzia\u0142aniach instytucji, urz\u0119d\u00f3w i organizacji. Fakt, i\u017c mo\u017cemy zapewni\u0107 w pe\u0142ni profesjonaln\u0105 obs\u0142ug\u0119 od momentu tworzenia koncepcji i projektu, do jej wykonania sprawi, \u017ce Twoja zlecenie b\u0119dzie odpowiada\u0142o Twoim potrzebom jak i Twoich klient\u00f3w. Dzia\u0142amy wed\u0142ug trzech kryteri\u00f3w id\u0105c tymi kierunkami wymagania klienta s\u0105 spe\u0142nione w ka\u017cdym calu. Wysokie Standardy K\u0142adziemy nacisk, aby ka\u017cdy etap realizacji projektu spe\u0142nia\u0142 wszelkie wymogi. Stawiamy na profesjonalizm naszych us\u0142ug i jako\u015b\u0107 produkt\u00f3w. Poligrafia i reklama Fakt wykonywania znakomitej wi\u0119kszo\u015bci us\u0142ug we w\u0142asnym zakresie pozwala na konkretne okre\u015blenie terminu wykonania us\u0142ugi oraz umo\u017cliwia sta\u0142y kontakt z klientem w ka\u017cdym momencie wykonywania us\u0142ugi. Sprawno\u015b\u0107 i komunikacja Sprawna komunikacja w naszej firmie pozwala na oszcz\u0119dno\u015b\u0107 cennego czasu. Punktualno\u015b\u0107 realizacji naszych projekt\u00f3w jest jednym z najwa\u017cniejszych priorytet\u00f3w. Zapraszamy Je\u015bli maj\u0105 Pa\u0144stwo jakie\u015b pytania o nasz\u0105 firm\u0119, us\u0142ugi oraz produkty dost\u0119pne w firmie Arcan, zapraszamy do kontaktu z nami. Mailowo, telefonicznie czy osobi\u015bcie, postaramy si\u0119 doj\u015b\u0107 do najbardziej efektywnych rozwi\u0105za\u0144 w najlepszej mo\u017cliwej cenie.<\/p>\n","protected":false},"author":1,"featured_media":993,"parent":0,"menu_order":0,"comment_status":"closed","ping_status":"closed","template":"page-without-header.php","meta":{"footnotes":""},"class_list":["post-1007","page","type-page","status-publish","has-post-thumbnail","hentry"],"_links":{"self":[{"href":"https:\/\/www.arcan.com.pl\/nowa\/wp-json\/wp\/v2\/pages\/1007","targetHints":{"allow":["GET"]}}],"collection":[{"href":"https:\/\/www.arcan.com.pl\/nowa\/wp-json\/wp\/v2\/pages"}],"about":[{"href":"https:\/\/www.arcan.com.pl\/nowa\/wp-json\/wp\/v2\/types\/page"}],"author":[{"embeddable":true,"href":"https:\/\/www.arcan.com.pl\/nowa\/wp-json\/wp\/v2\/users\/1"}],"replies":[{"embeddable":true,"href":"https:\/\/www.arcan.com.pl\/nowa\/wp-json\/wp\/v2\/comments?post=1007"}],"version-history":[{"count":16,"href":"https:\/\/www.arcan.com.pl\/nowa\/wp-json\/wp\/v2\/pages\/1007\/revisions"}],"predecessor-version":[{"id":1040,"href":"https:\/\/www.arcan.com.pl\/nowa\/wp-json\/wp\/v2\/pages\/1007\/revisions\/1040"}],"wp:featuredmedia":[{"embeddable":true,"href":"https:\/\/www.arcan.com.pl\/nowa\/wp-json\/wp\/v2\/media\/993"}],"wp:attachment":[{"href":"https:\/\/www.arcan.com.pl\/nowa\/wp-json\/wp\/v2\/media?parent=1007"}],"curies":[{"name":"wp","href":"https:\/\/api.w.org\/{rel}","templated":true}]}}