{"id":942,"date":"2026-04-13T08:39:39","date_gmt":"2026-04-13T06:39:39","guid":{"rendered":"https:\/\/www.arcan.com.pl\/nowa\/?page_id=942"},"modified":"2026-04-14T08:28:38","modified_gmt":"2026-04-14T06:28:38","slug":"kontakt","status":"publish","type":"page","link":"https:\/\/www.arcan.com.pl\/nowa\/kontakt\/","title":{"rendered":"Kontakt"},"content":{"rendered":"\t\t<div data-elementor-type=\"wp-page\" data-elementor-id=\"942\" class=\"elementor elementor-942\">\n\t\t\t\t<div class=\"elementor-element elementor-element-e8f08d7 e-flex e-con-boxed wcf-starter-animations-none wpr-particle-no wpr-jarallax-no wpr-parallax-no wpr-sticky-section-no wpr-equal-height-no e-con e-parent\" data-id=\"e8f08d7\" data-element_type=\"container\" data-e-type=\"container\">\n\t\t\t\t\t<div class=\"e-con-inner\">\n\t\t<div class=\"elementor-element elementor-element-11b3596 e-con-full e-flex wcf-starter-animations-none wpr-particle-no wpr-jarallax-no wpr-parallax-no wpr-sticky-section-no wpr-equal-height-no e-con e-child\" data-id=\"11b3596\" data-element_type=\"container\" data-e-type=\"container\">\n\t\t\t\t<div class=\"elementor-element elementor-element-4186c39 elementor-widget elementor-widget-google_maps\" data-id=\"4186c39\" data-element_type=\"widget\" data-e-type=\"widget\" data-widget_type=\"google_maps.default\">\n\t\t\t\t\t\t\t<div class=\"elementor-custom-embed\">\n\t\t\t<iframe loading=\"lazy\"\n\t\t\t\t\tsrc=\"https:\/\/maps.google.com\/maps?q=trzcianka%2C%20ul.%20%C5%BCeromskiego%203&#038;t=m&#038;z=16&#038;output=embed&#038;iwloc=near\"\n\t\t\t\t\ttitle=\"trzcianka, ul. \u017ceromskiego 3\"\n\t\t\t\t\taria-label=\"trzcianka, ul. \u017ceromskiego 3\"\n\t\t\t><\/iframe>\n\t\t<\/div>\n\t\t\t\t\t\t<\/div>\n\t\t\t\t<\/div>\n\t\t<div class=\"elementor-element elementor-element-8ebb2fd e-con-full e-flex wcf-starter-animations-none wpr-particle-no wpr-jarallax-no wpr-parallax-no wpr-sticky-section-no wpr-equal-height-no e-con e-child\" data-id=\"8ebb2fd\" data-element_type=\"container\" data-e-type=\"container\">\n\t\t\t\t<div class=\"elementor-element elementor-element-9b624d5 elementor-widget elementor-widget-arcan_widget_heading\" data-id=\"9b624d5\" data-element_type=\"widget\" data-e-type=\"widget\" data-widget_type=\"arcan_widget_heading.default\">\n\t\t\t\t<div class=\"elementor-widget-container\">\n\t\t\t\t\t<h2 class=\"arcan-heading arcan-heading--none\"><span class=\"arcan-heading-line\" style=\"--arcan-line-index:0;\"><span class=\"arcan-heading-line-inner\">Skontaktuj si\u0119 z nami!<\/span><\/span><\/h2>\t\t\t\t<\/div>\n\t\t\t\t<\/div>\n\t\t\t\t<div class=\"elementor-element elementor-element-35e5990 elementor-widget__width-initial elementor-widget elementor-widget-arcan_widget_heading\" data-id=\"35e5990\" data-element_type=\"widget\" data-e-type=\"widget\" data-widget_type=\"arcan_widget_heading.default\">\n\t\t\t\t<div class=\"elementor-widget-container\">\n\t\t\t\t\t<p class=\"arcan-heading arcan-heading--none\"><span class=\"arcan-heading-line\" style=\"--arcan-line-index:0;\"><span class=\"arcan-heading-line-inner\">Zapraszamy do kontaktu w celu uzyskania szczeg\u00f3\u0142owych informacji o naszej ofercie.  Odpowiemy na wszystkie pytania i zaproponujemy rozwi\u0105zania dopasowane do Twojego biznesu.<\/span><\/span><\/p>\t\t\t\t<\/div>\n\t\t\t\t<\/div>\n\t\t\t\t<div class=\"elementor-element elementor-element-94423bf elementor-widget__width-initial elementor-widget elementor-widget-arcan_widget_contact_list\" data-id=\"94423bf\" data-element_type=\"widget\" data-e-type=\"widget\" data-widget_type=\"arcan_widget_contact_list.default\">\n\t\t\t\t<div class=\"elementor-widget-container\">\n\t\t\t\t\t<div class=\"arcan-contact-list is-last-border-hidden\" data-copy-feedback=\"Skopiowano\" data-show-copy-feedback=\"no\"><div class=\"arcan-contact-list__item\" style=\"--arcan-contact-icon-size:22px;\"><div class=\"arcan-contact-list__media\" aria-hidden=\"true\"><svg xmlns=\"http:\/\/www.w3.org\/2000\/svg\" id=\"Layer_2\" viewBox=\"0 0 512 512\" data-name=\"Layer 2\"><g id=\"Icon\"><path id=\"_12\" d=\"m184.66 399.56-7.5 12.99c-2.76 4.78-8.88 6.42-13.66 3.66s-6.42-8.88-3.66-13.66l7.5-12.99c2.76-4.78 8.88-6.42 13.66-3.66s6.42 8.88 3.66 13.66zm-7.5-300.12c-2.76-4.78-8.88-6.42-13.66-3.66s-6.42 8.88-3.66 13.66l7.5 12.99c2.76 4.78 8.88 6.42 13.66 3.66s6.42-8.88 3.66-13.66zm-54.72 67.89-12.99-7.5c-4.78-2.76-10.9-1.12-13.66 3.66s-1.12 10.9 3.66 13.66l12.99 7.5c4.78 2.76 10.9 1.12 13.66-3.66s1.12-10.9-3.66-13.66zm133.56 238.66c-5.52 0-10 4.48-10 10v15c0 5.52 4.48 10 10 10s10-4.48 10-10v-15c0-5.52-4.48-10-10-10zm143.56-221.34 12.99-7.5c4.78-2.76 6.42-8.88 3.66-13.66s-8.88-6.42-13.66-3.66l-12.99 7.5c-4.78 2.76-6.42 8.88-3.66 13.66s8.88 6.42 13.66 3.66zm-293.56 71.35c0-5.52-4.48-10-10-10h-15c-5.52 0-10 4.48-10 10s4.48 10 10 10h15c5.52 0 10-4.48 10-10zm6.44 71.34-12.99 7.5c-4.78 2.76-6.42 8.88-3.66 13.66s8.88 6.42 13.66 3.66l12.99-7.5c4.78-2.76 6.42-8.88 3.66-13.66s-8.88-6.42-13.66-3.66zm143.56-221.34c5.52 0 10-4.48 10-10v-15c0-5.52-4.48-10-10-10s-10 4.48-10 10v15c0 5.52 4.48 10 10 10zm175 140h-15c-5.52 0-10 4.48-10 10s4.48 10 10 10h15c5.52 0 10-4.48 10-10s-4.48-10-10-10zm41 10c0 119.29-96.71 216-216 216-119.29 0-216-96.71-216-216 0-119.29 96.71-216 216-216 119.29 0 216 96.71 216 216zm-20 0c0-108.25-87.75-196-196-196-108.25 0-196 87.75-196 196 0 108.25 87.75 196 196 196 108.25 0 196-87.75 196-196zm60 0c0 141.39-114.61 256-256 256-141.39 0-256-114.61-256-256 0-141.39 114.61-256 256-256 141.38 0 256 114.61 256 256zm-20 0c0-130.34-105.66-236-236-236-130.34 0-236 105.66-236 236 0 130.34 105.66 236 236 236 130.34 0 236-105.66 236-236zm-147.34 133.56c-2.76-4.78-8.88-6.42-13.66-3.66s-6.42 8.88-3.66 13.66l7.5 12.99c2.76 4.78 8.88 6.42 13.66 3.66s6.42-8.88 3.66-13.66zm-53.66-133.56c0 15.85-10.54 29.24-25 33.54v76.46c0 5.52-4.48 10-10 10s-10-4.48-10-10v-34.04l-1.05 3.9c-1.43 5.33-6.91 8.5-12.25 7.07-5.33-1.43-8.5-6.91-7.07-12.25l12.02-44.88c-9.99-6.16-16.66-17.21-16.66-29.81 0-19.33 15.67-35 35-35s35 15.67 35 35zm-15 0c0-11.05-8.95-20-20-20s-20 8.95-20 20 8.95 20 20 20 20-8.95 20-20zm72.5-160.21c-4.78-2.76-10.9-1.12-13.66 3.66l-7.5 12.99c-2.76 4.78-1.12 10.9 3.66 13.66s10.9 1.12 13.66-3.66l7.5-12.99c2.76-4.78 1.12-10.9-3.66-13.66zm64.05 239.05-12.99-7.5c-4.78-2.76-10.9-1.12-13.66 3.66s-1.12 10.9 3.66 13.66l12.99 7.5c4.78 2.76 10.9 1.12 13.66-3.66s1.12-10.9-3.66-13.66z\" data-name=\"12\"><\/path><\/g><\/svg><\/div><div class=\"arcan-contact-list__text lines-3\">Otwarte: Pon-Pt \/ 9:00 - 17:00<\/div><\/div><div class=\"arcan-contact-list__item\" style=\"--arcan-contact-icon-size:22px;\"><div class=\"arcan-contact-list__media\" aria-hidden=\"true\"><svg aria-hidden=\"true\" class=\"e-font-icon-svg e-fas-phone-alt\" viewBox=\"0 0 512 512\" xmlns=\"http:\/\/www.w3.org\/2000\/svg\"><path d=\"M497.39 361.8l-112-48a24 24 0 0 0-28 6.9l-49.6 60.6A370.66 370.66 0 0 1 130.6 204.11l60.6-49.6a23.94 23.94 0 0 0 6.9-28l-48-112A24.16 24.16 0 0 0 122.6.61l-104 24A24 24 0 0 0 0 48c0 256.5 207.9 464 464 464a24 24 0 0 0 23.4-18.6l24-104a24.29 24.29 0 0 0-14.01-27.6z\"><\/path><\/svg><\/div><div class=\"arcan-contact-list__text lines-3\">67 216 50 10<\/div><\/div><div class=\"arcan-contact-list__item\" style=\"--arcan-contact-icon-size:22px;\"><div class=\"arcan-contact-list__media\" aria-hidden=\"true\"><svg aria-hidden=\"true\" class=\"e-font-icon-svg e-fas-envelope\" viewBox=\"0 0 512 512\" xmlns=\"http:\/\/www.w3.org\/2000\/svg\"><path d=\"M502.3 190.8c3.9-3.1 9.7-.2 9.7 4.7V400c0 26.5-21.5 48-48 48H48c-26.5 0-48-21.5-48-48V195.6c0-5 5.7-7.8 9.7-4.7 22.4 17.4 52.1 39.5 154.1 113.6 21.1 15.4 56.7 47.8 92.2 47.6 35.7.3 72-32.8 92.3-47.6 102-74.1 131.6-96.3 154-113.7zM256 320c23.2.4 56.6-29.2 73.4-41.4 132.7-96.3 142.8-104.7 173.4-128.7 5.8-4.5 9.2-11.5 9.2-18.9v-19c0-26.5-21.5-48-48-48H48C21.5 64 0 85.5 0 112v19c0 7.4 3.4 14.3 9.2 18.9 30.6 23.9 40.7 32.4 173.4 128.7 16.8 12.2 50.2 41.8 73.4 41.4z\"><\/path><\/svg><\/div><div class=\"arcan-contact-list__text lines-3\">arcan@arcan.com.pl<\/div><\/div><div class=\"arcan-contact-list__item\" style=\"--arcan-contact-icon-size:22px;\"><div class=\"arcan-contact-list__media\" aria-hidden=\"true\"><svg aria-hidden=\"true\" class=\"e-font-icon-svg e-fas-map-marker-alt\" viewBox=\"0 0 384 512\" xmlns=\"http:\/\/www.w3.org\/2000\/svg\"><path d=\"M172.268 501.67C26.97 291.031 0 269.413 0 192 0 85.961 85.961 0 192 0s192 85.961 192 192c0 77.413-26.97 99.031-172.268 309.67-9.535 13.774-29.93 13.773-39.464 0zM192 272c44.183 0 80-35.817 80-80s-35.817-80-80-80-80 35.817-80 80 35.817 80 80 80z\"><\/path><\/svg><\/div><div class=\"arcan-contact-list__text lines-3\">64-980 Trzcianka<br \/>\nul. \u017beromskiego 3<\/div><\/div><div class=\"arcan-contact-list__item\" style=\"--arcan-contact-image-width:24px;--arcan-contact-image-height:22px;\"><div class=\"arcan-contact-list__media\" aria-hidden=\"true\"><img decoding=\"async\" src=\"https:\/\/www.arcan.com.pl\/nowa\/wp-content\/uploads\/2026\/04\/Beznazwy-1.png\" alt=\"\"><\/div><div class=\"arcan-contact-list__text lines-3\">763 18 29 680<\/div><\/div><\/div>\t\t\t\t<\/div>\n\t\t\t\t<\/div>\n\t\t\t\t<\/div>\n\t\t\t\t\t<\/div>\n\t\t\t\t<\/div>\n\t\t\t\t<\/div>\n\t\t","protected":false},"excerpt":{"rendered":"<p>Skontaktuj si\u0119 z nami! Zapraszamy do kontaktu w celu uzyskania szczeg\u00f3\u0142owych informacji o naszej ofercie. Odpowiemy na wszystkie pytania i zaproponujemy rozwi\u0105zania dopasowane do Twojego biznesu. Otwarte: Pon-Pt \/ 9:00 &#8211; 17:0067 216 50 10arcan@arcan.com.pl64-980 Trzcianka ul. \u017beromskiego 3763 18 29 680<\/p>\n","protected":false},"author":1,"featured_media":993,"parent":0,"menu_order":0,"comment_status":"closed","ping_status":"closed","template":"page-without-header.php","meta":{"footnotes":""},"class_list":["post-942","page","type-page","status-publish","has-post-thumbnail","hentry"],"_links":{"self":[{"href":"https:\/\/www.arcan.com.pl\/nowa\/wp-json\/wp\/v2\/pages\/942","targetHints":{"allow":["GET"]}}],"collection":[{"href":"https:\/\/www.arcan.com.pl\/nowa\/wp-json\/wp\/v2\/pages"}],"about":[{"href":"https:\/\/www.arcan.com.pl\/nowa\/wp-json\/wp\/v2\/types\/page"}],"author":[{"embeddable":true,"href":"https:\/\/www.arcan.com.pl\/nowa\/wp-json\/wp\/v2\/users\/1"}],"replies":[{"embeddable":true,"href":"https:\/\/www.arcan.com.pl\/nowa\/wp-json\/wp\/v2\/comments?post=942"}],"version-history":[{"count":51,"href":"https:\/\/www.arcan.com.pl\/nowa\/wp-json\/wp\/v2\/pages\/942\/revisions"}],"predecessor-version":[{"id":1071,"href":"https:\/\/www.arcan.com.pl\/nowa\/wp-json\/wp\/v2\/pages\/942\/revisions\/1071"}],"wp:featuredmedia":[{"embeddable":true,"href":"https:\/\/www.arcan.com.pl\/nowa\/wp-json\/wp\/v2\/media\/993"}],"wp:attachment":[{"href":"https:\/\/www.arcan.com.pl\/nowa\/wp-json\/wp\/v2\/media?parent=942"}],"curies":[{"name":"wp","href":"https:\/\/api.w.org\/{rel}","templated":true}]}}